f + 152. Suppose 36 = 4*p - 4*w, w + 0*w - k = -2*p. Calculate the remainder when 42 is divided by p.
9
Suppose 136 = -4*z + 2*z. Let w = z + 98. Suppose 5*q + q = w. Calculate the remainder when 24 is divided by q.
4
Let t be ((-18)/(-54))/((-2)/(-492)). Let n(k) = -35 - 38 + t - 5*k. What is the remainder when 97 is divided by n(-8)?
48
Suppose 9633 + 16961 = 16*g + 7394. What is the remainder when g is divided by 14?
10
Suppose 0 = 35*m + 16*m - 612. Let i = -1 - -3. What is the remainder when (5 - -1)/(-3)*(-42)/m is divided by i?
1
Suppose 11*p - 63315 = 6*p - 5*h, 0 = -8*p - 2*h + 101346. Calculate the remainder when p is divided by 144.
142
Suppose 74*g + 81 = 65*g. Calculate the remainder when 56 is divided by ((-189)/(-18) + g)/(6/64).
8
Let t(m) = 285*m - 3331. Calculate the remainder when t(16) is divided by 124.
113
Calculate the remainder when (-22 - 1)/(1 - 2) is divided by (-55)/33 + 46/42 + 371/49.
2
Suppose 10*k - 7*k - 4*w = 482, 2*k - 5*w - 326 = 0. Let t = -143 + k. What is the remainder when 128 is divided by t?
8
Suppose -3*a + 7*a - 4 = l, 4*l = -a + 18. Calculate the remainder when 242 is divided by (-2 - (l - 0)) + (-550)/(-10).
46
Calculate the remainder when 64 is divided by 3960/270 + 8/6 - -6.
20
Let d(s) = 2813*s - 10391. Calculate the remainder when d(4) is divided by 24.
21
Suppose 8*b = 17 + 7. Suppose b*z - 210 = -3*p + 159, z = 5. What is the remainder when p is divided by 42?
34
Let f = 8726 + -7852. Calculate the remainder when f is divided by 867.
7
Let u be (-385)/(-44) + (-3)/(-12). Calculate the remainder when ((-12)/u)/(230/117 + -2) is divided by 14.
11
Let r = -363 - -887. Suppose 964 = 6*n - r. What is the remainder when n is divided by 25?
23
Let y = -2569 - -2616. What is the remainder when 647 is divided by y?
36
Let k(n) = n - 3. Let i be k(-1). What is the remainder when 56 is divided by ((-169)/26)/(2/i)?
4
Suppose -4*t - 19 + 27 = 0, -1086 = 5*z + 2*t. Let n = 306 + z. Calculate the remainder when n is divided by 24.
16
Suppose 3*w = -0*w + 33. Let s be (3*(-10)/(-90))/(2/162). Suppose q = -2*n - 2*n + 72, 0 = n - 2*q - s. What is the remainder when n is divided by w?
8
Suppose -401*p - 5 = -402*p, -5*a + 530 = -5*p. Calculate the remainder when a is divided by 29.
24
Let h = 455 - 147. Let c = -215 + h. What is the remainder when c is divided by 16?
13
Calculate the remainder when 210 is divided by (44 - (-6 - -5))/(-2 + (3 - 0)).
30
Suppose -18*i + 19*i + 2 = 0. Let l(b) = 20*b**3 + 2*b**2 - b. What is the remainder when 9/(1 - i) - (-3 + -55) is divided by l(1)?
19
Let w(i) = 17*i + 5. Suppose 248*c = 244*c + 20. What is the remainder when w(c) is divided by 47?
43
Let i(s) = s**3 + 11*s**2 - 25*s + 24. Let a be i(-13). Calculate the remainder when 1427 is divided by (-14)/(((-726)/(-12))/a + -6).
27
Suppose -28 = p - 1. Let l = 190 + p. Calculate the remainder when l is divided by 15.
13
Suppose -4*y + 6014 = 3*l, -4*l - 2946 = 4*y - 10966. Calculate the remainder when l is divided by 8.
6
Let o = 8575 - 8405. Calculate the remainder when 344 is divided by o.
4
Suppose 37*y + 5*y + 17*y = 10266. Calculate the remainder when 180 is divided by y.
6
Suppose -268 = -2*n + 4*c, 0 = -3*n - n + 5*c + 521. Let h = -123 + n. What is the remainder when 11 is divided by h/(-2)*(-8)/4?
0
Suppose 4*i + 56 = 312. Let z = i + -40. What is the remainder when z is divided by (-1 + 0)*(-1)/((-11)/(-99))?
6
Let t = 1 - -1. Calculate the remainder when ((-70)/21)/((-2)/3) is divided by t.
1
Suppose 3*r = 4*f + 101, 814*r + 5*f = 812*r + 75. Calculate the remainder when 2 - 1*(-202)/2 is divided by r.
33
Let z(u) = -13*u + 22*u - 18*u + u**2 - 17. Suppose 4*b + 3*w - 301 = 0, -5*b + 2*w = 83 - 442. Calculate the remainder when b is divided by z(-3).
16
Suppose 5*i = 2*f + 790, 41*f + 4*i = 43*f + 792. Let s = 495 + f. Calculate the remainder when s is divided by 13.
4
What is the remainder when 68 is divided by (-116)/(-6)*(-11 + (-175)/(-14))?
10
Let p = 421 - 414. Suppose 0 = j + 4, -j = -8*i + p*i + 25. Calculate the remainder when 103 is divided by i.
19
Let q be 7*(-18)/(-14) + 50/(-10). Suppose 0 = 3*o - 5*o + 8. Suppose q*l - 4*i = 40, -4*l - o*i + 40 = -i. Calculate the remainder when 37 is divided by l.
7
Suppose 0 = -8*r + 4*w + 316, -3*r + 7*r - 5*w = 167. What is the remainder when 1031 is divided by r?
5
Let g(y) = 108*y**3 + 6*y**2 - 13*y + 4. What is the remainder when 355 is divided by g(1)?
40
Calculate the remainder when (15/15)/((7/(-7))/(-3517)) is divided by 51.
49
Suppose 3*y + 0 = 6. Suppose -3*r - y = 2*d - 14, 4*d = 4*r + 4. Suppose d*a + 6*a = 135. What is the remainder when 59 is divided by a?
14
Suppose 2*j - 24 = -j. Suppose 0 = -p + 10 - j. Let n = 1284 - 1263. What is the remainder when n is divided by p?
1
Suppose -3*j = 8*d - 697, 0 = 4*j - 0*d - 4*d - 988. What is the remainder when j is divided by 138?
105
Suppose -l + 5 = 0, 0 = -3*x - 5*l + 70 - 1182. Let s = x - -388. Suppose -4*i + 10 = 3*r, -2*r - i + 8 = i. What is the remainder when s is divided by r?
3
Suppose 2*s = i + 34, -10 = -5*i + 10. Suppose -149 = -4*f + s. Let v = -1500 - -1511. What is the remainder when f is divided by v?
9
Let h(t) = -2*t - 4. Let l be h(-3). Let j be (-6)/9*(-12)/l. What is the remainder when (18/(-9))/(j/(-62)) is divided by 11?
9
Let v(o) = 81*o**2 - o + 1. Suppose -15*n = -17*n + 2. What is the remainder when v(n) is divided by 61?
20
Let i(r) = r**2 - 42*r - 244. Calculate the remainder when 789 is divided by i(49).
96
Suppose 0 = 5*k - 50*m + 55*m - 660, -4*m = 3*k - 394. Calculate the remainder when k is divided by 100.
34
Suppose -3*k + 2*u - 6*u = -1203, k - 401 = 3*u. What is the remainder when k is divided by 36?
5
Let d = -31800 - -31948. What is the remainder when d is divided by 76?
72
Let f(x) = -37*x + 130. What is the remainder when f(-10) is divided by 2?
0
Suppose 14*l = 3 + 11. What is the remainder when 76 is divided by l?
0
Calculate the remainder when (90/54)/((-8)/12) - 11781/(-2) is divided by 13.
12
Suppose 184 = h + 50. Let r = h + -45. Let c = -52 + r. Calculate the remainder when c is divided by 10.
7
Let o(z) = 10*z - 2. Let c(w) = w. Let g(h) = 6*c(h) + 2*o(h). Let d be g(13). Suppose 4*n = d + 102. What is the remainder when n is divided by 16?
13
Suppose -468*v = 3*s - 473*v - 1689, -2*s + 4*v = -1122. What is the remainder when s is divided by 25?
23
Let k be (3 + -1)/2*-28. Let a = 63 + k. Let b(x) = x**3 + 6*x**2 - 16*x - 86. What is the remainder when a is divided by b(-4)?
5
Let t(c) = 44*c - 163. Calculate the remainder when 22 is divided by t(4).
9
Let p(g) = g**3 + 79*g**2 + 54*g - 51. What is the remainder when p(-78) is divided by 39?
27
Calculate the remainder when (-2)/(-3) - 1732/(-12) is divided by 70/2*(1 + 8*10/200).
47
Calculate the remainder when 211 is divided by (832/39 + -22)*(-366)/4.
28
Let v(s) = -5*s**2 - 79*s - 9. Let u(n) = n**2 - 24*n - 13. Let k be u(0). Calculate the remainder when v(k) is divided by 58.
57
What is the remainder when (164/(-246))/(3/(-324)) is divided by 5?
2
Let w(i) = -i**3 + 2*i**2 + 12. Let g be w(3). Suppose -o - 1 = 0, g*k - 11*o + 14*o = 12. What is the remainder when 43 is divided by k?
3
Let h(g) = 24*g**2 - 7. Let d be h(-3). Let p = d + -74. Calculate the remainder when p is divided by 35.
30
Suppose 251 + 84 = 5*i + 5*h, -2*i + 135 = h. Let z = i + 58. Calculate the remainder when z is divided by 8.
6
Let c = 189 + -185. Suppose -25 = -d + o, -2*o = -2*d - c*o + 46. Calculate the remainder when d is divided by 5.
4
Let z(l) = 94*l - 245. Suppose 15 = 4*t - 2*w - 547, -w = -t + 138. What is the remainder when t is divided by z(3)?
32
Let a = 30 - 13. What is the remainder when (-18)/14 - (-3 - 110/(-35))*-5924 is divided by a?
12
Let t(s) = 19*s + 108. Calculate the remainder when 124 is divided by t(-4).
28
Let r be (-616)/33 - (-1)/3*2. Suppose -4*z + 8*z - 9 = 3*x, 5*z = 3*x + 15. Calculate the remainder when (-67)/(-3) + -2*(-3)/r is divided by z.
4
Let v(g) = 2*g**3 + 32*g**2 - g - 12. Let f be v(-16). What is the remainder when 370 is divided by (f + -3)*(-124)/(-4)?
29
Let s be 3 - -73 - (2 - -5). Suppose -o = 2*w - 39, 0 = -11*w + 7*w + o + s. What is the remainder when 117 is divided b